i**2 - 99*i - 2163. Calculate a(-7).
0
Let l(f) = 2567*f + 15561. Calculate l(-6).
159
Let g(w) = -2*w**3 - 184*w**2 + 34*w + 3266. Give g(-92).
138
Let t(b) = -6206*b - 3307815. Calculate t(-533).
-17
Let i(f) = 484*f + 1060. What is i(-3)?
-392
Let w(n) = 1744*n + 24474. Give w(-14).
58
Let n(q) = 1873*q + 7607. What is n(-4)?
115
Let u(m) = 8974*m + 53923. Calculate u(-6).
79
Let d(k) = -71606*k - 429763. What is d(-6)?
-127
Let j(r) = 236*r + 11163. What is j(-50)?
-637
Let r(v) = -507*v + 40265. What is r(81)?
-802
Let d(t) = -5370*t + 1347867. Calculate d(251).
-3
Let x(w) = 3*w**3 - 13*w**2 + 92*w - 944. Give x(10).
1676
Let g(i) = i**3 - 147*i**2 + 148*i - 284. Give g(146).
8
Let u(q) = -47*q**2 - 2036*q - 13195. Calculate u(-8).
85
Let z(w) = -45*w**2 - 1116*w - 992. Determine z(-24).
-128
Let a(p) = -10750*p - 85913. Give a(-8).
87
Let c(k) = 3*k**3 - 112*k**2 + 586*k + 110. Calculate c(30).
-2110
Let f(r) = -1074*r + 10637. Give f(10).
-103
Let q(l) = 13200*l - 145582. Calculate q(11).
-382
Let l(t) = 40*t - 236. Calculate l(17).
444
Let x(l) = -300*l**2 + 38290*l - 38291. Determine x(1).
-301
Let v(s) = 3*s**3 + 155*s**2 + 126*s + 2241. What is v(-51)?
1017
Let k(w) = 445*w**2 - 21*w - 2. Give k(1).
422
Let q(w) = 134*w**2 + 55*w - 70. Calculate q(1).
119
Let s(v) = 25947*v + 77922. Calculate s(-3).
81
Let s(y) = -y**3 - 355*y**2 - 19293*y + 5. Give s(-67).
-196
Let d(l) = l**3 - 18*l**2 - 322*l + 1902. Calculate d(5).
-33
Let p(t) = -5*t**3 - 14*t**2 + 102485*t + 102500. Determine p(-1).
6
Let f(y) = -26*y**3 + 755*y**2 - 813*y + 1594. Determine f(28).
-2
Let q(z) = -5*z**3 - 4*z**2 + 2329*z - 36. What is q(-22)?
30
Let y(u) = 24*u**2 + 3130*u + 940. Determine y(-130).
-360
Let j(b) = b**2 + 1773509*b - 9. Give j(0).
-9
Let s(w) = -4*w**2 + 466*w - 5215. What is s(101)?
1047
Let h(g) = -97*g + 3617. Determine h(36).
125
Let u(i) = 6854*i - 1151322. Calculate u(168).
150
Let w(f) = -167*f**3 - 7*f**2 + 100*f + 102. Calculate w(-1).
162
Let u(x) = 665*x**2 + 7996*x + 178. Calculate u(-12).
-14
Let j(x) = -16147*x - 1291753. Determine j(-80).
7
Let r(x) = -631536*x + 6315353. Give r(10).
-7
Let y(r) = -399*r + 5758. Determine y(14).
172
Let w(q) = q**2 + 1552*q + 209046. Give w(-149).
-1
Let b(a) = -8*a**3 - 225*a**2 - 429*a + 336. Determine b(-26).
-2
Let i(c) = 23*c**2 - 98*c + 90. Give i(2).
-14
Let s(b) = 379*b + 73160. Give s(-193).
13
Let j(i) = -3*i**2 + 591*i + 1765. Calculate j(200).
-35
Let d(x) = 534*x - 24219. Determine d(49).
1947
Let v(a) = 1155*a - 7558. Determine v(7).
527
Let l(w) = 238*w - 10380. Give l(44).
92
Let x(l) = -12413*l - 197925. Calculate x(-16).
683
Let y(c) = -121*c**2 - 23118*c - 153. Calculate y(-191).
1184
Let x(j) = -3*j**3 - 6*j**2 - 7*j + 109. What is x(3)?
-47
Let p(a) = -850*a + 8629. Give p(10).
129
Let z(r) = -r**2 + 424070*r + 1272207. Calculate z(-3).
-12
Let r(c) = c**3 - 22*c**2 + 95*c - 770. Calculate r(18).
-356
Let p(o) = -125*o + 19800. Give p(158).
50
Let n(g) = 8*g**2 - 4995*g - 252430. Determine n(-47).
7
Let v(k) = 4*k**3 - 36*k**2 + 3*k + 21. Determine v(9).
48
Let r(j) = -28*j**2 - 377*j - 9. Calculate r(-15).
-654
Let l(c) = -36938*c + 701828. What is l(19)?
6
Let t(w) = 87*w**2 - 59*w + 124. What is t(3)?
730
Let s(p) = p**2 - 51*p + 72. Determine s(47).
-116
Let n(k) = -71*k**2 - 23261*k - 14404. What is n(-327)?
-16
Let p(k) = 21*k**2 + 2467*k + 996. Determine p(-117).
-174
Let o(b) = 49029*b - 98061. Calculate o(2).
-3
Let g(f) = 14707*f - 7853593. What is g(534)?
-55
Let u(z) = 85963*z - 1977142. Determine u(23).
7
Let w(t) = 2*t**3 + 534*t**2 + 2124*t + 5656. What is w(-263)?
396
Let w(g) = -4*g**3 - 38*g**2 + 215*g + 242. Give w(-13).
-187
Let m(o) = o**3 + 74*o**2 - 297*o - 420. What is m(5)?
70
Let z(f) = -f**3 + 473*f**2 - 1098*f + 295474. Calculate z(472).
2
Let w(t) = -83*t**2 - 8413*t + 13994. Calculate w(-103).
-14
Let v(n) = -3*n**2 + 33318*n + 133310. Give v(-4).
-10
Let k(x) = 97*x - 9143. Determine k(122).
2691
Let l(n) = -104*n**3 - 23*n**2 + 2*n + 74. What is l(2)?
-846
Let m(v) = 2*v**3 + 2*v**2 - 106*v + 41. Determine m(-8).
-7
Let s(c) = c**2 + 69*c - 2225. Give s(23).
-109
Let h(o) = 155*o**2 - 51*o + 40. Determine h(1).
144
Let x(q) = -8*q**2 - 1890*q - 9256. What is x(-5)?
-6
Let j(z) = z**3 - 13*z**2 - 212*z + 33. What is j(-11)?
-539
Let v(s) = -5*s**2 + 988*s + 282. Give v(196).
1850
Let v(w) = w**3 + 32*w**2 - 244*w - 2108. Determine v(-37).
75
Let b(k) = -23536*k + 682604. Calculate b(29).
60
Let g(m) = 3*m**3 + 72*m**2 + 247*m + 119. What is g(-20)?
-21
Let b(w) = -4*w**2 - 117*w + 414. What is b(-29)?
443
Let w(n) = 27*n**3 + 7*n**2 - 16*n - 9. Give w(3).
735
Let d(f) = f**3 - 93*f**2 + 875*f - 791. Give d(83).
2944
Let m(k) = 156324*k - 1719533. Give m(11).
31
Let i(t) = 2*t**2 - 543*t - 11383. What is i(291)?
-34
Let m(k) = -k**3 + 93*k**2 - 652*k - 2279. Calculate m(85).
101
Let z(h) = -243*h + 987. Calculate z(-3).
1716
Let s(l) = -93792*l - 562729. What is s(-6)?
23
Let k(b) = -b**3 + 22*b**2 - 125*b - 60. Calculate k(10).
-110
Let r(l) = -4*l**2 + 5875*l + 82886. What is r(-14)?
-148
Let i(y) = -479*y**2 - 39712*y + 3713. What is i(-83)?
-22
Let s(o) = -13*o**3 - 2216*o**2 - 2218*o + 1. Give s(-1).
16
Let t(h) = -80*h**3 - 69*h**2 - 150*h - 11. Give t(-2).
653
Let d(t) = 3778*t + 17962. Calculate d(-4).
2850
Let z(x) = 53955*x + 16564165. What is z(-307)?
-20
Let r(b) = -98*b**3 + 10688*b**2 - 647*b - 771. Give r(109).
-8
Let s(i) = -i**3 - 42*i**2 + 581*i - 107. What is s(-53)?
-1
Let r(a) = -39557*a + 8979443. What is r(227)?
4
Let f(w) = 5*w**2 - 111*w - 39. Give f(16).
-535
Let t(x) = -2683*x + 11789. Calculate t(4).
1057
Let l(f) = -2*f**2 - 832*f - 1. Determine l(0).
-1
Let c(h) = 310*h + 8185. Calculate c(-12).
4465
Let z(n) = 3824*n + 45658. Determine z(-12).
-230
Let r(i) = -7*i**3 - 3758*i**2 + 4306*i + 1092. Determine r(-538).
16
Let b(v) = 128*v**2 - 12553*v - 38826. Give b(-3).
-15
Let o(d) = 3*d**2 - 256*d - 174124. Give o(-202).
0
Let t(l) = 24753*l - 247621. What is t(10)?
-91
Let m(g) = -g**3 - 18*g**2 - 370*g - 10074. What is m(-22)?
2
Let h(g) = 919*g + 14565. Give h(-16).
-139
Let h(a) = 45523*a - 2685858. Determine h(59).
-1
Let h(r) = 5*r**3 + 2359*r**2 - 2838*r - 579. What is h(-473)?
-579
Let n(r) = r**3 - 86*r**2 - 1733*r + 219. Give n(-17).
-87
Let h(j) = j**3 + 134*j**2 + 52*j + 6972. Calculate h(-134).
4
Let n(w) = 3*w**3 + 11*w**2 - 125*w - 491. Calculate n(-4).
-7
Let l(d) = -d**2 + 48*d + 27. Determine l(57).
-486
Let k(i) = -i**3 - 73*i**2 - 112*i - 2596. Determine k(-72).
284
Let w(y) = 4*y**2 - 9845*y - 471553. What is w(-47)?
-2
Let f(u) = -2*u**3 - 3439*u**2 + 19013*u + 65557. Determine f(-1725).
7
Let h(j) = j**3 - 8*j**2 - 118*j + 360. Give h(3).
-39
Let v(n) = -23*n**2 + 890*n + 138. What is v(39)?
-135
Let q(y) = 164*y + 7308. What is q(-51)?
-1056
Let k(a) = 5*a**2 + 1123*a + 32402. What is k(-34)?
0
Let b(k) = -3929*k + 502925. Give b(128).
13
Let b(s) = 20678*s - 9346459. Calculate b(452).
-3
Let a(s) = -501216*s - 12530435. Give a(-25).
-35
Let q(y) = -64*y**3 - 1788*y**2 + 137*y + 688. What is q(-28)?
-12
Let n(p) = -p**3 - 392*p**2 + 6951*p - 783. Give n(-409).
35
Let n(k) = 26*k**3 - 753*k**2 - 33*k + 54. Determine n(29).
-62
Let u(j) = 20*j**2 - 310*j - 2279. What is u(20)?
-479
Let v(i) = -i**3 + 31*i**2 - 215*i - 1969. What is v(-5)?
6
Let y(z) = 17*z**2 + 5114*z - 32274. Calculate y(-307).
-39
Let c(p) = 46*p**2 - 3354*p - 6848. What is c(-2)?
44
Let f(h) = 4045*h**2 - 262924*h - 57. What is f(65)?
8
Let n(z) = -z**2 + 2689*z - 16094. What is n(6)?
4
Let x(p) = 21830*p - 1659097. Calculate x(76).
-17
Let j(r) = -49579*r - 3272213. Determine j(-66).
1
Let f(t) = 11*t**2 + 3*t - 198. Determine f(-8).
482
Let a(d) = -159265*d + 1911174. Calculate a(12).
-6
Let l(i) = -258*i - 7357. What is l(-29)?
125
Let b(k) = -448*k + 35354. Give b(78).
410
Let u(l) = l**3 - 5*l**2 - 311*l + 218. Calculate u(20).
-2
Let t(w) = w**3 + 8*w**2 - 188363*w - 10071. Calculate t(-438).
3
Let j(v) = -10*v**3 + 34*v**2 - 38*v - 153. Determine j(3).
-231
Let u(a) = -13*a**2 - 84931*a - 339722. Calculate u(-4).
-206
Let y(r) = 749*r**2 + 120592*r + 555. Determine y(-161).
72
Let u(h) = -382*h + 37877. Determine 